{"id":7,"date":"2020-08-03T16:35:53","date_gmt":"2020-08-03T16:35:53","guid":{"rendered":"http:\/\/tgraficos.com\/tgraficos\/?page_id=7"},"modified":"2020-08-07T15:05:53","modified_gmt":"2020-08-07T15:05:53","slug":"acerca-de","status":"publish","type":"page","link":"https:\/\/tgraficos.com\/tgraficos\/acerca-de\/","title":{"rendered":"Acerca de"},"content":{"rendered":"<div data-colibri-id=\"7-c1\" class=\"style-404 style-local-7-c1 position-relative\">\n  <!---->\n  <div data-colibri-component=\"section\" data-colibri-id=\"7-c2\" id=\"about\" class=\"h-section h-section-global-spacing d-flex align-items-lg-center align-items-md-center align-items-center style-410 style-local-7-c2 position-relative\">\n    <!---->\n    <!---->\n    <div class=\"h-section-grid-container h-section-boxed-container\">\n      <!---->\n      <div data-colibri-id=\"7-c3\" class=\"h-row-container gutters-row-lg-2 gutters-row-md-2 gutters-row-2 gutters-row-v-lg-2 gutters-row-v-md-2 gutters-row-v-2 style-411 style-local-7-c3 position-relative\">\n        <!---->\n        <div class=\"h-row justify-content-lg-center justify-content-md-center justify-content-center align-items-lg-stretch align-items-md-stretch align-items-stretch gutters-col-lg-2 gutters-col-md-2 gutters-col-2 gutters-col-v-lg-2 gutters-col-v-md-2 gutters-col-v-2\">\n          <!---->\n          <div class=\"h-column h-column-container d-flex h-col-lg-auto h-col-md-auto h-col-auto style-412-outer style-local-7-c4-outer\">\n            <div data-colibri-id=\"7-c4\" class=\"d-flex h-flex-basis h-column__inner h-px-lg-2 h-px-md-2 h-px-2 v-inner-lg-2 v-inner-md-2 v-inner-2 style-412 style-local-7-c4 position-relative\">\n              <!---->\n              <!---->\n              <div class=\"w-100 h-y-container h-column__content h-column__v-align flex-basis-100 align-self-lg-center align-self-md-center align-self-center\">\n                <!---->\n                <div data-colibri-id=\"7-c5\" class=\"h-text h-text-component style-415 style-local-7-c5 position-relative h-element\">\n                  <!---->\n                  <!---->\n                  <div class=\"\">\n                    <p>\n                      <br>\n                    <\/p>\n                    <p><strong>Misi\u00f3n <\/strong><\/p>\n                    <p>\u201cSomos una empresa expertas en las artes gr\u00e1ficas&nbsp;con personal responsable y capacitado, comprometida a desarrollar expectativas publicitarias y crear soluciones gr\u00e1ficas, superando los intereses de nuestros clientes en cada proyecto,\n                      innovando nuestros m\u00e9todos y creando as\u00ed confianza para facilitar la comunicaci\u00f3n de nuestros clientes con el mercado\u201d<\/p>\n                    <p><strong>&nbsp;<\/strong><\/p>\n                    <p><strong>&nbsp;<\/strong><\/p>\n                    <p><strong>&nbsp;<\/strong><\/p>\n                    <p><strong>Visi\u00f3n <\/strong><\/p>\n                    <p><span style=\"font-family: Calibri, sans-serif; font-size: 11pt;\">\u201cSer una empresa fortalecida en el proceso de artes gr\u00e1ficas y promocional otorgando el mejor servicio a nuestros clientes, manteniendo un nivel de excelencia y crecimiento continuo, para brindar una excelente calidad y superar las expectativas de nuestros usuarios, que nos permita alcanzar un reconocido prestigio en el mercado local y for\u00e1neo.\u201d <\/span><\/p>\n                  <\/div>\n                <\/div>\n              <\/div>\n            <\/div>\n          <\/div>\n          <div class=\"h-column h-column-container d-flex h-col-lg-auto h-col-md-auto h-col-auto style-418-outer style-local-7-c6-outer\">\n            <div data-colibri-id=\"7-c6\" class=\"d-flex h-flex-basis h-column__inner h-px-lg-2 h-px-md-2 h-px-2 v-inner-lg-2 v-inner-md-2 v-inner-2 style-418 style-local-7-c6 position-relative\">\n              <!---->\n              <!---->\n              <div class=\"w-100 h-y-container h-column__content h-column__v-align flex-basis-100 align-self-lg-center align-self-md-center align-self-center\">\n                <!---->\n                <div data-colibri-id=\"7-c7\" class=\"d-block style-419 style-local-7-c7 position-relative h-element\">\n                  <!---->\n                  <div class=\"h-image__frame-container-outer\">\n                    <div class=\"h-image__frame-container\">\n                      <!---->\n                      <!---->\n                      <img decoding=\"async\" width=\"250\" height=\"178\" src=\"http:\/\/tgraficos.com\/tgraficos\/wp-content\/uploads\/2020\/08\/cropped-cropped-cropped-cropped-Logo-para-pagina-web-1-1-1.jpg\" class=\"wp-image-342 style-419-image style-local-7-c7-image\" alt=\"\" \/>\n                      <div class=\"h-image__frame h-hide-sm style-419-frameImage style-local-7-c7-frameImage\"><\/div>\n                    <\/div>\n                  <\/div>\n                <\/div>\n              <\/div>\n            <\/div>\n          <\/div>\n        <\/div>\n      <\/div>\n    <\/div>\n  <\/div>\n<\/div>","protected":false},"excerpt":{"rendered":"<p>Misi\u00f3n \u201cSomos una empresa expertas en las artes gr\u00e1ficas&nbsp;con personal responsable y capacitado, comprometida a desarrollar expectativas publicitarias y crear soluciones gr\u00e1ficas, superando los intereses de nuestros clientes en cada proyecto, innovando nuestros m\u00e9todos y creando as\u00ed confianza para facilitar la comunicaci\u00f3n de nuestros clientes con el mercado\u201d &nbsp; &nbsp; &nbsp; Visi\u00f3n \u201cSer una empresa [&hellip;]<\/p>\n","protected":false},"author":1,"featured_media":0,"parent":0,"menu_order":0,"comment_status":"closed","ping_status":"closed","template":"page-templates\/full-width-page.php","meta":{"footnotes":""},"class_list":["post-7","page","type-page","status-publish","hentry"],"_links":{"self":[{"href":"https:\/\/tgraficos.com\/tgraficos\/wp-json\/wp\/v2\/pages\/7","targetHints":{"allow":["GET"]}}],"collection":[{"href":"https:\/\/tgraficos.com\/tgraficos\/wp-json\/wp\/v2\/pages"}],"about":[{"href":"https:\/\/tgraficos.com\/tgraficos\/wp-json\/wp\/v2\/types\/page"}],"author":[{"embeddable":true,"href":"https:\/\/tgraficos.com\/tgraficos\/wp-json\/wp\/v2\/users\/1"}],"replies":[{"embeddable":true,"href":"https:\/\/tgraficos.com\/tgraficos\/wp-json\/wp\/v2\/comments?post=7"}],"version-history":[{"count":5,"href":"https:\/\/tgraficos.com\/tgraficos\/wp-json\/wp\/v2\/pages\/7\/revisions"}],"predecessor-version":[{"id":464,"href":"https:\/\/tgraficos.com\/tgraficos\/wp-json\/wp\/v2\/pages\/7\/revisions\/464"}],"wp:attachment":[{"href":"https:\/\/tgraficos.com\/tgraficos\/wp-json\/wp\/v2\/media?parent=7"}],"curies":[{"name":"wp","href":"https:\/\/api.w.org\/{rel}","templated":true}]}}